 to base 5.
-10343
-98 (base 11) to base 6
-255
Convert 50310 (base 6) to base 2.
1100111000010
Convert -1636 (base 13) to base 15.
-e71
-4031 (base 13) to base 5
-240303
-11110221 (base 3) to base 4
-303001
Convert 545 (base 8) to base 12.
259
Convert -6406 (base 12) to base 15.
-33a0
Convert -5467 (base 14) to base 10.
-14595
332325 (base 6) to base 13
c845
Convert 103254 (base 7) to base 6.
215113
Convert -1010111110001 (base 2) to base 8.
-12761
What is 964d (base 15) in base 9?
47551
13231111 (base 4) to base 16
7b55
5457 (base 8) to base 12
17a7
Convert 26526 (base 8) to base 14.
4330
What is -101000001111111 (base 2) in base 4?
-11001333
What is -11110101110 (base 2) in base 11?
-1528
1244 (base 7) to base 13
2a5
What is 1001000101100101 (base 2) in base 3?
1220001120
-2323 (base 7) to base 9
-1144
Convert 14317 (base 14) to base 16.
c351
What is 107 (base 8) in base 12?
5b
What is -1654 (base 12) in base 6?
-20144
-817a (base 12) to base 8
-33356
Convert 202120100 (base 3) to base 16.
3a92
What is 111022120 (base 3) in base 16?
25ec
269a3 (base 11) to base 15
b5ea
Convert 1202111 (base 3) to base 2.
10100000010
What is 122103 (base 4) in base 7?
4623
Convert -5076 (base 13) to base 12.
-64b6
-1010110111111 (base 2) to base 12
-327b
1362 (base 7) to base 5
4114
Convert 61616 (base 8) to base 12.
128ba
What is -2ab (base 16) in base 7?
-1664
What is 2222212 (base 3) in base 14?
b1d
What is a683 (base 12) in base 8?
43503
What is 5ab (base 16) in base 9?
1882
What is -51040 (base 8) in base 7?
-115203
Convert -88235 (base 9) to base 3.
-2222021012
What is -11011121 (base 3) in base 6?
-22024
Convert -11131001 (base 4) to base 9.
-33568
What is -1436 (base 10) in base 9?
-1865
63354 (base 7) to base 12
9059
-12330 (base 4) to base 3
-121110
2112334 (base 5) to base 8
105020
-20320 (base 6) to base 7
-10623
1022010202 (base 3) to base 13
b876
-90 (base 10) to base 7
-156
35 (base 13) to base 2
101100
What is -392 (base 14) in base 10?
-716
-9 (base 11) to base 16
-9
What is -115057 (base 8) in base 11?
-27723
-331001 (base 4) to base 12
-2315
Convert -17f8 (base 16) to base 6.
-44224
What is -12 (base 12) in base 16?
-e
What is -11233002 (base 4) in base 11?
-16715
-390 (base 16) to base 9
-1223
1922 (base 11) to base 8
4614
-22d (base 15) to base 8
-755
-254 (base 12) to base 3
-111001
1143 (base 10) to base 7
3222
What is 17104 (base 8) in base 14?
2b76
11000010011 (base 2) to base 7
4351
What is 3410 (base 11) in base 14?
18c8
Convert -47 (base 8) to base 16.
-27
Convert -102224 (base 5) to base 2.
-110101101111
Convert 8bb (base 16) to base 10.
2235
Convert 8b33 (base 13) to base 16.
4c15
Convert -1bb3 (base 14) to base 8.
-11701
-1010111011 (base 3) to base 13
-a168
What is 1572 (base 12) in base 6?
15422
Convert -12025 (base 6) to base 8.
-3321
What is -24c (base 15) in base 4?
-20022
Convert -1336 (base 8) to base 11.
-608
-781 (base 14) to base 11
-1130
-1100312 (base 5) to base 9
-27744
Convert -4070 (base 8) to base 3.
-2212221
-10122 (base 3) to base 10
-98
What is -101210201 (base 3) in base 12?
-4684
What is 3527 (base 8) in base 12?
1107
What is 326 (base 13) in base 3?
201222
2022201 (base 3) to base 16
69d
Convert -1e9 (base 16) to base 14.
-26d
Convert 21112 (base 3) to base 15.
d8
Convert 3130 (base 5) to base 7.
1132
1100110111110 (base 2) to base 15
1e45
-2205 (base 6) to base 5
-4014
What is -10326 (base 12) in base 3?
-1002002010
What is 26697 (base 10) in base 7?
140556
What is 4104423 (base 5) in base 11?
45847
What is -3131 (base 7) in base 15?
-4d5
-221014 (base 5) to base 6
-55202
What is 294 (base 12) in base 10?
400
Convert e653 (base 16) to base 2.
1110011001010011
What is -364 (base 9) in base 13?
-1a2
-7249 (base 10) to base 15
-2234
What is 1021220 (base 3) in base 7?
2514
What is 124234 (base 5) in base 10?
4944
What is 30650 (base 8) in base 3?
122102211
1041 (base 6) to base 3
22221
5d6 (base 15) to base 10
1326
10022222 (base 4) to base 3
212102002
What is 3434 (base 9) in base 6?
15434
Convert -252 (base 13) to base 5.
-3110
What is 334 (base 10) in base 7?
655
Convert 219 (base 12) to base 13.
1aa
35535 (base 7) to base 9
13540
Convert -141303 (base 5) to base 16.
-16c4
What is 111101101010 (base 2) in base 10?
3946
-131154 (base 6) to base 13
-5593
What is 101011010111 (base 2) in base 14?
1023
47c9 (base 13) to base 15
300b
10232 (base 5) to base 15
312
What is -d9a (base 14) in base 15?
-bde
-2400 (base 5) to base 3
-110222
15052 (base 6) to base 13
1133
What is 114104 (base 7) in base 5?
1130013
What is -212221 (base 4) in base 7?
-10132
84 (base 16) to base 12
b0
What is -1000210 (base 3) in base 10?
-750
What is -19bb (base 13) in base 11?
-2a00
What is -32 (base 9) in base 11?
-27
Convert 3614 (base 10) to base 13.
1850
Convert 3263 (base 11) to base 8.
10320
Convert cf26 (base 16) to base 9.
80662
Convert 4ad (base 15) to base 7.
3046
Convert 1111011001000 (base 2) to base 10.
7880
What is -3443 (base 9) in base 3?
-10111110
Convert -816 (base 12) to base 11.
-974
Convert 3301202 (base 4) to base 12.
8b42
-4377 (base 9) to base 7
-12262
What is -10001100100001 (base 2) in base 10?
-8993
-ad0 (base 14) to base 15
-97c
830 (base 12) to base 2
10010100100
Convert -209 (base 12) to base 13.
-19b
Convert -1330311 (base 4) to base 16.
-1f35
Convert -14029 (base 10) to base 8.
-33315
3307 (base 9) to base 7
10051
-10100 (base 4) to base 15
-132
-63052 (base 8) to base 16
-662a
What is -121102 (base 4) in base 12?
-b2a
Convert 18206 (base 10) to base 12.
a652
Convert bb (base 15) to base 8.
260
-877b (base 12) to base 9
-22425
-2203 (base 6) to base 9
-623
Convert -5411 (base 7) to base 15.
-87e
Convert -45a (base 15) to base 3.
-1100111
What is -32c (base 16) in base 12?
-578
-4100 (base 9) to base 4
-232311
Convert -121002 (base 3) to base 9.
-532
3151 (base 7) to base 8
2132
Convert 7a74 (base 15) to base 6.
320144
Convert 3b66 (base 14) to base 8.
24356
Convert 100111110 (base 2) to base 4.
10332
-155a8 (base 11) to base 15
-67ce
What is 29 (base 11) in base 2?
11111
Convert 47a (base 14) to base 6.
4044
What is 53731 (base 8) in base 2?
101011111011001
What is -354c (base 16) in base 5?
-414034
-2573 (base 8) to base 12
-98b
Convert 3312022 (base 4) to base 12.
914a
What is 5d2 (base 15) in base 6?
10042
Convert 2140102 (base 5) to base 9.
55552
Convert 379 (base 10) to base 8.
573
-968 (base 11) to base 10
-1163
-631 (base 12) to base 5
-12101
-3130 (base 7) to base 10
-1099
1011001 (base 2) to base 12
75
-100012221 (base 3) to base 5
-203341
-2551 (base 7) to base 8
-1707
-1013031 (base 4) to base 16
-11cd
2725 (base 9) to base 11
15a2
1651 (base 8) to base 9
1251
Convert 2522 (base 10) to base 7.
10232
Convert -9a (base 15) to base 6.
-401
Convert -13230 (base 10) to base 14.
-4b70
What is -21002 (base 5) in base 15?
-61c
Convert 3b3a (base 15) to base 8.
30557
Convert 125513 (base 6) to base 2.
10110101110101
What is -10110 (base 4) in base 10?
-276
Convert -2210110 (base 3) to base 6.
-13233
Convert -2511 (base 8) to base 12.
-949
What is -13123132 (base 4) in base 9?
-45661
-11404 (base 11) to base 5
-1011320
What is -10391 (base 10) in base 4?
-2202113
-8425 (base 9) to base 6
-44335
100101011 (base 2) to base 11
252
What is -2d (base 15) in base 14?
-31
22002 (base 5) to base 7
4244
What is 1736 (base 12) in base 2?
101011011010
-46 (base 9) to base 8
-52
-27433 (base 8) to base 5
-341214
Convert -2486 (base 13) to base 7.
-21050
Convert -167 (base 10) to base 6.
-435
Convert -24631 (base 7) to base 10.
-6490
-3805 (base 14) to base 11
-7404
11202 (base 3) to base 16
80
445 (base 6) to base 11
148
201 (base 11) to base 16
f3
-12155 (base 8) to base 15
-1839
2344 (base 5) to base 9
427
24323 (base 5) to base 12
1092
Convert -27d0 (base 14) to base 12.
-40aa
What is 6721 (base 12) in base 15?
35a1
What is -76 (base 10) in base 8?
-114
Convert 3775 (base 8) to base 16.
7fd
What is c0 (base 14) in base 10?
168
What is -4a (base 14) in base 2?
-1000010
What is -1411 (base 14) in base 11?
-2731
218 (base 15) to base 9
575
11000 (base 2) to base 16
18
Convert -8122 (base 9) to base 2.
-1011100101101
Convert 210535 (base 6) to base 9.
25345
-3271 (base 8) to base 13
-a25
Convert -52868 (base 